Let v be (36/45)/(1/35). Calculate the greatest common divisor of v and m.
28
Suppose 2*z + 13 = -k + 59, -2*k = 3*z - 92. Calculate the greatest common divisor of k and 115.
23
Suppose -13*s = -536 - 868. Calculate the greatest common factor of 12 and s.
12
Let h(k) = -k**3 + 6*k**2 + 14*k - 14. Let t be h(7). Let w(v) = -v**3 - 10*v**2 + 5. Let m be w(-10). What is the greatest common factor of t and m?
5
Let v(l) = 2*l**2 - 2*l - 6. Let n be v(-6). Suppose -232 = -4*b - 4*k, 3*k = 5*b + n - 344. Calculate the greatest common factor of b and 5.
5
Suppose 13*a = 5*a + 264. What is the highest common divisor of 22 and a?
11
Let m be (-94)/(-4) - 3/(-6). Let u(f) = 2*f**2 - 2*f. Let l be u(-5). What is the highest common factor of l and m?
12
Let m(f) = -f**3 + 11*f**2 - 11*f - 9. Let x be m(9). Calculate the greatest common divisor of 9 and x.
9
Let p = 122 - 18. Calculate the highest common factor of 13 and p.
13
Let b be (1 - (1 + -1))*-2. Let u be (-656)/(-6) - b/3. What is the greatest common factor of 10 and u?
10
Let a = 20 + -7. Suppose 9*x + a = 10*x. What is the greatest common divisor of x and 91?
13
Let a = -1 - -3. Suppose 2*w = -a*w + 20. Suppose w*i + 3 = 3*i + 3*c, 0 = 5*i - c - 25. What is the highest common divisor of 12 and i?
6
Suppose -3*b - 188 = -1544. Suppose 0 = -3*j + 76 + b. What is the greatest common divisor of 16 and j?
16
Let z(p) = -19*p + 8. Let q be z(-4). What is the greatest common factor of q and 12?
12
Suppose 6*a - 2*a - 46 = -z, -5*z = 2*a - 14. Calculate the greatest common divisor of a and 4.
4
Let w = 43 - 33. Let h = 9 + 1. Calculate the greatest common factor of h and w.
10
Let r be (-64)/(-6) + 4/(-6). Suppose -5*y - 4 = 1, -4*i + 23 = -3*y. What is the greatest common factor of r and i?
5
Let x be (-1)/((-6 - -5) + 12/13). Calculate the highest common divisor of x and 52.
13
Let z = 33 + -4. Calculate the highest common divisor of z and 203.
29
Suppose 0 = x + x + 14. Let u be 23 - 1 - (5 + x). Calculate the highest common divisor of u and 6.
6
Let s be 1 + 2/(-1) + 4. Let p(h) = 4*h. Let x be p(s). Suppose 168 = d + d. Calculate the greatest common divisor of d and x.
12
Suppose -3*n + 3 = -0*n. Let k be n + 1/2*6. What is the greatest common factor of 4 and k?
4
Let q be 2 - (6/3 - 9). Calculate the greatest common divisor of 81 and q.
9
Let i = 21 + -13. Suppose 4*w + 28 = i*w. Calculate the highest common divisor of 28 and w.
7
Suppose -58 = -5*p - 23. Let x(b) = b**3 - 13*b**2 + 25*b - 26. Let f be x(11). What is the highest common factor of f and p?
7
Let n be (-6)/(-24) + (-155)/(-4). What is the highest common divisor of n and 26?
13
Let c(i) = -i**3 - 8*i**2 - 4*i - 9. Let v(w) = -w**2 + 13*w + 6. Let s be v(14). Let a be c(s). What is the greatest common divisor of a and 46?
23
Let n be 1 + 3 - 10/5. Suppose 3*x - 2*k - 32 = 136, n*k = -5*x + 280. Let u(j) = -6*j - 4. Let p be u(-3). Calculate the greatest common divisor of x and p.
14
Let u(a) = 0 + 0 + a - 4*a**2. Let b be u(-2). Let p = 46 + b. What is the greatest common factor of 7 and p?
7
Let h(t) = 7*t**2 - 3*t - 12. Let p be h(3). What is the highest common factor of p and 28?
14
Let i = 57 - 41. Calculate the highest common factor of i and 40.
8
Suppose 4*t = -t + 65. Suppose -d - 3*h + t = 0, -4*h = -2*d - 3*h + 19. What is the greatest common factor of 50 and d?
10
Suppose -5*u - 27 = -1027. Let d = 159 + -139. Calculate the highest common factor of u and d.
20
Let v = 229 + -166. What is the highest common divisor of v and 7?
7
Suppose 0 = -4*j - 4*v + v + 72, 3*j + 2*v - 53 = 0. What is the highest common divisor of 30 and j?
15
Let c = -61 - -101. Let g be ((-48)/(-15))/((-1)/(-5)). Calculate the greatest common divisor of c and g.
8
Let j be 2/(-6) - (-52)/12. Suppose 5 = -n - n - f, -f = -j*n + 5. Suppose -4*k = 2*b, -2*b + 5*k + 2 + 43 = n. What is the greatest common divisor of b and 25?
5
Let p(o) = o**3 - 4*o**2 - 7*o - 10. Let i be p(6). Calculate the greatest common factor of 8 and i.
4
Let p = 12 - 44. Let c = 45 + p. What is the highest common divisor of c and 65?
13
Let l be (-10)/35 + 321/21. Calculate the highest common factor of l and 3.
3
Suppose 0 = 7*k - 3*k + 40. Let y = k + 15. Calculate the highest common divisor of 15 and y.
5
Suppose -4*b = -2 - 2. Let k be 0 - (b + -2) - -11. Calculate the highest common divisor of 4 and k.
4
Let f(z) = -3*z - 1. Let r be f(-1). Suppose r*b - 19 = 4*b - 5*t, 0 = -b + t - 2. Calculate the highest common factor of 2 and b.
1
Suppose -2 = -5*r - 3*o + 12, 2 = -o. Suppose -u + 6 = -3*x, 3*u = -2*u + r*x - 3. Let m = u - -5. Calculate the highest common factor of m and 8.
2
Let x = 4 - 1. Suppose -79 = x*f - 367. Let b = -29 - -41. Calculate the greatest common divisor of f and b.
12
Let k = 15 + 4. Suppose -s = -2*s - k. Let l be -1*(-3 + s - 0). Calculate the highest common factor of l and 55.
11
Let b = 44 - 36. What is the highest common divisor of b and 8?
8
Suppose 0 = 3*b + 3*o - 72, -b + 2*b - 40 = -5*o. Let q(s) = 27*s**3 + s**2. Let d be q(2). Calculate the greatest common factor of b and d.
20
Let a = 5 - 2. Suppose -5*k = 3*f - 18 - 5, 4*k = 16. What is the highest common divisor of a and f?
1
Let g = -66 + 120. Suppose 5*j - 6 - g = 0. Suppose j = -k + 33. Calculate the highest common factor of 14 and k.
7
Let a(p) = -7*p - 31. Let k be a(-6). Calculate the greatest common factor of k and 121.
11
Let i be 1 + 3/((-6)/1)*-8. Calculate the highest common divisor of i and 35.
5
Let m(z) = z**2 + 9*z + 4. Let k be m(-13). Calculate the greatest common divisor of k and 8.
8
Suppose 3*r - 9 = -0*r. Suppose -r*f + 172 - 4 = 0. Calculate the greatest common factor of f and 14.
14
Let x = 2 + -6. Let y be (-64)/x + (-4)/4. What is the greatest common factor of y and 75?
15
Let o(s) = 3*s - 8. Let k be o(8). What is the greatest common divisor of 48 and k?
16
Let s be (-1*1)/1*-3. Suppose -7*c - 6 = -13*c. Calculate the highest common divisor of c and s.
1
Let b(t) = -t + 22. Let i be b(-14). Let a = 96 + -138. Let r = -30 - a. What is the highest common factor of i and r?
12
Let o = -71 + 151. Suppose -k + o = 4*k. Let v be (-119)/(-3) + (-1)/(-3). Calculate the highest common factor of k and v.
8
Suppose 13 = 3*t - 53. Calculate the highest common factor of t and 2.
2
Let a(q) = 7*q**2 + 1. Let w be a(-5). Let u = 74 - 52. Calculate the highest common factor of u and w.
22
Suppose o - 262 = -6*s + 5*s, -4*s = 2*o - 1042. What is the greatest common factor of 37 and s?
37
Let k(q) be the third derivative of 43*q**4/24 - q**3/6 - 3*q**2. Let v be k(-2). Let w be v/(-5 - -2) - -1. What is the highest common factor of w and 6?
6
Let r = -1 - -5. Suppose -r*z + 30 = 2*c - 0, -c = -z - 15. Calculate the highest common factor of c and 60.
15
Let a be 4/(1 + 1 + 0). Let b be a*2/(0 - -2). Let s be (b + 0)/((-4)/(-90)). What is the highest common factor of 30 and s?
15
Suppose 0 = -4*x + 5*x - 6. What is the greatest common factor of 3 and x?
3
Suppose -3*h - 2*h = -10. Suppose h*k = -2*k + 8. What is the greatest common divisor of 5 and k?
1
Let k be (-3)/12 + 3366/24. What is the highest common factor of 56 and k?
28
Let z = -20 + 50. Calculate the greatest common factor of 45 and z.
15
Let p(c) = c**2 + c - 10. Let t be p(-5). Calculate the greatest common factor of t and 2.
2
Suppose 3*b - b + 60 = 2*w, -3*w + 4*b = -85. Suppose -7*o + 132 = -3*o. Let f = -19 + o. Calculate the highest common divisor of f and w.
7
Let b = -39 + 89. Calculate the greatest common divisor of 20 and b.
10
Let h(w) = w**3 - 6*w**2 + 5*w + 4. Let o be h(5). Suppose q - 100 = 6*q. Let u be ((-4)/(-10))/((-2)/q). Calculate the greatest common divisor of o and u.
4
Let q = -89 - -149. Suppose s - 15 = q. What is the greatest common divisor of 30 and s?
15
Suppose -1 = d + 5. Let v = d + 8. What is the highest common divisor of 3 and v?
1
Let x = -2 + 9. Let k be 167 + 2 + 4*-1. Let q = k - 116. What is the highest common factor of x and q?
7
Let i = 17 + 0. Suppose 28 - 96 = -4*m. Calculate the greatest common divisor of i and m.
17
Let p = -4 - -8. Suppose -p*x + 0*x = -36. Calculate the highest common factor of 81 and x.
9
Let u be (2/4)/(-1 + 330/324). Suppose 0*z - 2*z + 36 = 0. Calculate 